 18. Let q(o) = x*o**3 + o - 2*o**2 + 10*o + 3 - 6*o. Is q(4) a prime number?
False
Is ((-1)/(-8))/1 - 41013/(-24) a composite number?
False
Let u(x) = -3*x - 5. Let c be u(-5). Suppose 0 = -h + c. Let j = 17 - h. Is j prime?
True
Suppose -3*o + 8 = o. Suppose o*b - 16 = -4. Is (2/(b/(-99)))/(-1) prime?
False
Let i = -210 - -371. Is i prime?
False
Let h(w) = -150*w - 1. Let m be h(-3). Suppose 5*u - 869 = -3*d + m, 4*u = d + 1051. Is u composite?
False
Is (4/8)/((-1)/(-158)) prime?
True
Let h be 4/8 - (-31)/(-2). Let l(n) = 2*n**2 - n - 18. Is l(h) composite?
True
Suppose 4*i + i = 3985. Is i a composite number?
False
Let d(j) be the first derivative of -141*j**2/2 + j + 3. Let h be d(2). Let n = -160 - h. Is n a composite number?
True
Let l(q) = -q**3 - 8*q**2 + 10*q - 2. Let h be l(-10). Let c = -25 + h. Let b = 170 - c. Is b composite?
False
Suppose 174 = -3*l + 6*l. Is l prime?
False
Let j = 5 - -3. Let l = 14 - j. Is l composite?
True
Let q be (-5324)/(-18) - 8/(-36). Let v be 9*((1 - -10) + 0). Suppose -5*x = -v - q. Is x a prime number?
True
Suppose -5*w = 2*p - 0 - 13, -3*w - 2*p + 7 = 0. Suppose w*h = -h + 52. Let m = 23 - h. Is m a prime number?
False
Suppose 6*p - 2*p - k - 1251 = 0, 0 = 4*k - 20. Suppose 0 = 5*h - 7*h + p. Is h a composite number?
False
Suppose -5*b - 2 = -6*b. Let g be 43 + -1 - (b + -3). Suppose -g = -2*h + 5*s, -h + 2*s + 18 = 3*s. Is h a prime number?
True
Let c = 17 - 14. Suppose c*l = -2*l + 925. Is l prime?
False
Suppose -2*t - t - 2*z - 3 = 0, 4*z = 0. Is -5*(t - 0)*37 a prime number?
False
Let f = 172 - 158. Is f composite?
True
Let v(i) be the first derivative of -i**3/3 - 10*i - 1. Let w be v(0). Is (6/w)/(1/(-15)) composite?
True
Let c = 22 + -21. Suppose -2*t + 507 = c. Is t composite?
True
Let l(r) = 5*r**3 - r**2 - 4*r + 5. Let d = -8 - -12. Is l(d) prime?
True
Suppose -5*a + 21 = 3*i - 3*a, -3*i + 5*a = 0. Suppose -5*h + 611 = 5*c - 54, i*c + 715 = 5*h. Let n = h + -59. Is n prime?
True
Let p(h) be the second derivative of -5/6*h**3 + h**2 + 0 + 2*h. Is p(-7) composite?
False
Let h = 5048 + -3411. Is h composite?
False
Let c = 41 + -7. Is c prime?
False
Let c be -1 + (-1)/(1/(-2)). Let k(p) = 21*p**3 + p**2. Is k(c) prime?
False
Is 2480 + 18 - (-5)/1 a composite number?
False
Let n(h) = -5*h - 3 - 6*h - 9*h. Let j be n(5). Let t = 150 + j. Is t a prime number?
True
Suppose -4*k + 4*g + 676 = 0, -k - 825 = -6*k - 5*g. Let s = 237 + k. Suppose -4*t = -s + 16. Is t composite?
False
Let f(y) = -2*y + 4. Let s be f(0). Suppose -b = s*p - 642, -5*p + 18 + 797 = -5*b. Is p composite?
True
Is (-75296)/(-40) + (-9)/(-15) a composite number?
True
Let g(a) = a**3 - a**2 + 268. Let k be g(0). Suppose 14 = 2*z - k. Is z prime?
False
Let i = 2 - -2. Suppose -2*t - 254 = -i*t. Is t a prime number?
True
Is (3208/10)/(2/5) composite?
True
Let d(j) = -9*j**3 + 2*j**2 - 2. Is d(-3) a composite number?
True
Is (-8)/(-2) - (-916 + 3) a composite number?
True
Let x(r) = 92*r + 23. Is x(9) prime?
False
Suppose -3*o - 3*u + 42 = 0, -12 + 4 = -2*u. Let c be (o*1)/(9/153). Suppose 41 - c = -3*q. Is q a prime number?
True
Suppose c - 29 = 2*a, -5*c = -c - 2*a - 128. Is c a composite number?
True
Let n(m) = -5 - 2*m**2 - 3*m + 0*m**2 + 3 - 2*m**2 - 2*m**3. Is n(-5) prime?
True
Let m = 239 - 106. Is m a prime number?
False
Let i(f) = -f**3 + 17*f. Let a be i(-13). Suppose 4*g + 2*o = 6*o + a, -2*o = -6. Is g a prime number?
False
Let d be 0/(3*(-2)/(-6)). Suppose -5*s + 4*w = d, -4*s + 6*w = w. Is s - (-49)/(1 + 0) composite?
True
Is (-2 - 24/(-11)) + (-6794)/(-22) composite?
True
Suppose 0*k = 2*k - 4198. Is k a composite number?
False
Let r be 54/8 + 2/8. Let z = -5 + r. Is (-738)/(-14) - z/(-7) a prime number?
True
Let c(z) = z**3 - 8*z**2 + 3*z - 12. Let m be c(8). Is (-6)/(-3)*198/m prime?
False
Suppose 2*k = -3*o + 75, -4*k = -k - o - 140. Suppose -k = -x + 22. Is x a composite number?
False
Suppose 5 = y - 2*h + 3, -3*y + 6 = -3*h. Suppose y*x + 501 = 5*x. Is x prime?
True
Suppose 0 = x - 5*d - 84, 0 = -5*x + 3*d + 317 + 59. Is x a prime number?
False
Suppose -220 = -4*c - 4*i, c - 5*c + i = -230. Suppose 2*x = -x - c. Is 5 - x - (-1 + 2) composite?
False
Suppose 2*v - 18 = -v. Let n(b) = 26*b + 3. Let u be n(v). Suppose 6*i = 3*i + u. Is i composite?
False
Let m(n) = -n**3 + 8*n**2 - 6*n - 2. Let v be m(7). Suppose -277 - 268 = -v*c. Is c prime?
True
Suppose 2*u = -3*w + 46 - 309, 2*u + 258 = -4*w. Let l = 20 - u. Is l prime?
False
Suppose 2*d = -d - 4*k + 22, -5*d = 3*k - 22. Suppose 494 = 5*c + 3*h, -d*c + 179 = -h - 4*h. Is c a composite number?
False
Let h(l) be the third derivative of l**8/4032 - l**6/720 - l**5/30 + l**2. Let v(d) be the third derivative of h(d). Is v(2) a prime number?
True
Suppose -3*r + 4*o = -8*r + 406, -4*r = 2*o - 320. Let g = r + -36. Suppose -4*n + g = -34. Is n prime?
True
Suppose 0 = 5*o - 6 - 14. Suppose 61 = 5*r + 2*z - 104, o*r - 104 = 4*z. Is r a composite number?
False
Suppose 90 = 4*s - 90. Let x = s - 11. Suppose -x = -z - 15. Is z a prime number?
True
Let y(r) = -3*r - 7. Let w be y(-8). Let o = 38 + w. Is o prime?
False
Let n(c) = -313*c + 8. Let m be n(11). Let r be ((-2)/(-6))/(5/m). Let t = r + 388. Is t a composite number?
True
Let o(a) be the first derivative of -22*a**2 + a - 4. Is o(-2) composite?
False
Let b = -2 - -5. Let s = b + -2. Let f = s - -6. Is f composite?
False
Let k(q) = 178*q + 1. Is k(4) a composite number?
True
Suppose 2*a = n + 310, -7*a = -2*a + n - 789. Is a composite?
False
Let i(w) = 19*w - 2. Let j be i(4). Is j*((-5)/2 + 3) a prime number?
True
Suppose 5 = -2*k + 3. Let g(l) = -249*l**3 - l. Let o be g(k). Suppose -d + o = 5*s, -3*s - 5*d + 85 = -87. Is s prime?
False
Let r = 6 - -20. Let y(a) = 2*a + 9. Let g be y(-6). Let o = r + g. Is o composite?
False
Let s = 2 - 7. Let c(d) = -24*d - 7. Is c(s) a prime number?
True
Let j = -1 + 7. Suppose j*v - 4*v - 3*y = 177, 0 = -2*v + 5*y + 179. Is v a composite number?
True
Is (1/(1/(-701)))/(-1) a prime number?
True
Let j(v) be the second derivative of 5*v**4/12 + 5*v**3/3 + 7*v**2/2 - 3*v. Is j(-6) a prime number?
True
Let p = -2 + 2. Let l be 2 - (2 + 0 + p). Suppose l*u + 74 = 2*u. Is u a composite number?
False
Let z(o) = o**2 - 7*o - 13. Is z(-10) composite?
False
Let h be 24*(-21)/(-4)*-1. Let j = h + 209. Is j a prime number?
True
Let a be (-8)/6 + (-14)/21. Is (1 + a)/(-1)*11 composite?
False
Let t = 5 + -3. Is t/11 + (-977)/(-11) composite?
False
Suppose -8*i + 1000 = -416. Is i a composite number?
True
Suppose 5*x = -5 - 0. Let o = 3 - x. Suppose h = 7 - o, -j = -5*h - 62. Is j composite?
True
Let q be (-4)/10 - (-46)/(-10). Let a(w) = -2*w**3 - 4*w**2 + w. Is a(q) prime?
False
Suppose -3*d - 60 = 2*n + 40, n - 158 = 5*d. Let j = d + 121. Is j a prime number?
True
Let h(q) be the first derivative of 5*q**3/3 + 2*q**2 + 3*q + 1. Is h(-2) prime?
False
Suppose -5*o + 2*o = -633. Is o prime?
True
Suppose 0*m = 2*m. Is -1*(-63)/3 - m a prime number?
False
Suppose -3*q + 3*s = -1629, -s = -3*q - 0*s + 1625. Is q prime?
True
Let h(w) = 3*w**3 - w**2 + 1. Let t be h(1). Let i(g) = 3*g**2 + 4*g + 3. Let y be i(-2). Suppose -50 = -t*u + y. Is u composite?
False
Let q be 1*2*-1 - -2. Suppose x + 0 - 3 = q. Is x composite?
False
Let m = -112 - -521. Is m a prime number?
True
Let d(x) be the first derivative of -2/3*x**3 - x + 2 + 6*x**4 + x**2. Is d(1) composite?
False
Let w(q) = -283*q + 22. Is w(-5) a prime number?
False
Suppose -5 - 3 = 4*u. Let o be 0 + (-5)/((-5)/u). Let k = o - -12. Is k a composite number?
True
Suppose 3 = a + 2*a. Suppose 2*b + 11 + a = 0. Is 4 + b/9*3 composite?
False
Suppose 3*x - 4*b - 58 = 0, 2*x + b + 0*b = 46. Let c = 15 - x. Let h = c + 13. Is h a prime number?
False
Let c be 2*(1 + 5)/3. Let z(q) = -q**3 - q**2 + 3*q + 2. Let t be z(3). Is (c + -3)/((-1)/t) a composite number?
True
Let l(k) be the third derivative of 107*k**5/30 + k**4/24 - k**3/3 + 2*k**2. Is l(1) a composite number?
True
Let r be -1*3/6*10. Let i(z) = -2*z**3 + 2*z**2 - 10*z + 3. Let u(s) = s**3 - s**2 + 7*s - 2. Let q(t) = r*i(t) - 7*u(t). Is q(2) prime?
True
Let m(q) = -2*q**3 + 4*q - 6. Let i = -10 + 5. Let h be m(i). Suppose o - 4*o = 12, -4*y + 3*o = -h. Is y a prime number?
True
Let y(x) = x - 